igit of 1011248153?
0
What is the thousands digit of 889851275?
1
What is the thousands digit of 8183793?
3
What is the ten thousands digit of 257071854?
7
What is the millions digit of 402402396?
2
What is the tens digit of 704804319?
1
What is the hundreds digit of 18838920?
9
What is the billions digit of 2030380370?
2
What is the hundreds digit of 4288101277?
2
What is the millions digit of 41458613?
1
What is the hundred millions digit of 344563879?
3
What is the tens digit of 549776762?
6
What is the tens digit of 52671717?
1
What is the thousands digit of 34134838?
4
What is the thousands digit of 16942760?
2
What is the tens digit of 1233519003?
0
What is the ten millions digit of 8052540088?
5
What is the ten millions digit of 30685191?
3
What is the millions digit of 6212988?
6
What is the millions digit of 35246220?
5
What is the ten millions digit of 3310454142?
1
What is the ten millions digit of 48882036?
4
What is the tens digit of 66014429?
2
What is the ten millions digit of 4029107625?
2
What is the thousands digit of 69213670?
3
What is the thousands digit of 28760636?
0
What is the thousands digit of 2855097?
5
What is the hundred thousands digit of 669449448?
4
What is the tens digit of 41346911?
1
What is the ten thousands digit of 151659236?
5
What is the ten thousands digit of 18334415?
3
What is the tens digit of 42758998?
9
What is the hundred millions digit of 128374365?
1
What is the hundred thousands digit of 1540323030?
3
What is the hundred thousands digit of 19524337?
5
What is the ten thousands digit of 28260274?
6
What is the hundred thousands digit of 5443619199?
6
What is the units digit of 163005679?
9
What is the millions digit of 9062633?
9
What is the ten thousands digit of 87215073?
1
What is the ten thousands digit of 1109741230?
4
What is the millions digit of 609746741?
9
What is the hundred thousands digit of 1287877506?
8
What is the tens digit of 121525052?
5
What is the units digit of 272871751?
1
What is the millions digit of 84311875?
4
What is the thousands digit of 331695309?
5
What is the hundred thousands digit of 61546492?
5
What is the tens digit of 1831155814?
1
What is the millions digit of 1737128944?
7
What is the ten thousands digit of 2429830?
2
What is the tens digit of 832150116?
1
What is the hundred thousands digit of 136144102?
1
What is the hundred thousands digit of 11577088?
5
What is the thousands digit of 62100940?
0
What is the ten millions digit of 923202799?
2
What is the ten thousands digit of 28185579?
8
What is the millions digit of 381884726?
1
What is the thousands digit of 1236903852?
3
What is the ten millions digit of 2442695185?
4
What is the tens digit of 81928102?
0
What is the hundred thousands digit of 106469899?
4
What is the thousands digit of 57517011?
7
What is the ten thousands digit of 99385250?
8
What is the hundred millions digit of 1308763471?
3
What is the thousands digit of 671131221?
1
What is the tens digit of 58136233?
3
What is the hundreds digit of 2551195933?
9
What is the units digit of 8895006248?
8
What is the tens digit of 310978599?
9
What is the units digit of 40557746?
6
What is the units digit of 1911510719?
9
What is the thousands digit of 96837929?
7
What is the billions digit of 1504670225?
1
What is the hundred thousands digit of 3879997608?
9
What is the hundred thousands digit of 67696350?
6
What is the tens digit of 1446212257?
5
What is the hundred thousands digit of 16467915?
4
What is the tens digit of 824596815?
1
What is the tens digit of 2234420829?
2
What is the units digit of 64959809?
9
What is the ten thousands digit of 464859352?
5
What is the hundred thousands digit of 72394372?
3
What is the hundred thousands digit of 956961883?
9
What is the ten millions digit of 1687586690?
8
What is the hundred thousands digit of 26040299?
0
What is the millions digit of 1031560097?
1
What is the billions digit of 1191414021?
1
What is the units digit of 200487609?
9
What is the millions digit of 297100909?
7
What is the tens digit of 57399402?
0
What is the hundred millions digit of 911890539?
9
What is the ten millions digit of 173764228?
7
What is the hundreds digit of 13813855?
8
What is the tens digit of 43773218?
1
What is the thousands digit of 472878589?
8
What is the ten millions digit of 381664567?
8
What is the hundreds digit of 1866888424?
4
What is the hundred thousands digit of 17288389?
2
What is the ten millions digit of 554638287?
5
What is the ten thousands digit of 75670861?
7
What is the hundred millions digit of 205365492?
2
What is the tens digit of 1743742398?
9
What is the ten millions digit of 273586230?
7
What is the tens digit of 235697507?
0
What is the units digit of 31079682?
2
What is the thousands digit of 1549405905?
5
What is the units digit of 726966821?
1
What is the thousands digit of 64716002?
6
What is the hundreds digit of 13478940?
9
What is the ten thousands digit of 2563401076?
0
What is the hundreds digit of 31875259?
2
What is the millions digit of 278096045?
8
What is the units digit of 169557708?
8
What is the ten millions digit of 1891238269?
9
What is the hundred thousands digit of 241035954?
0
What is the ten millions digit of 59809815?
5
What is the ten thousands digit of 2761568652?
6
What is the hundreds digit of 70858308?
3
What is the hundred millions digit of 397731383?
3
What is the millions digit of 428608742?
8
What is the hundred thousands digit of 112830628?
8
What is the hundred millions digit of 5594990559?
5
What is the billions digit of 1364321671?
1
What is the hundred thousands digit of 3315409641?
4
What is the tens digit of 357749351?
5
What is the thousands digit of 1941438167?
8
What is the hundred thousands digit of 4010973877?
9
What is the tens digit of 107046235?
3
What is the ten thousands digit of 435509524?
0
What is the units digit of 22019382?
2
What is the tens digit of 116879263?
6
What is the ten millions digit of 537129496?
3
What is the millions digit of 107022300?
7
What is the hundred thousands digit of 1480048341?
0
What is the ten thousands digit of 2173260?
7
What is the ten thousands digit of 62509297?
0
What is the thousands digit of 93614127?
4
What is the ten thousands digit of 8607755224?
5
What is the ten thousands digit of 744640790?
4
What is the hundreds digit of 397051817?
8
What is the hundred thousands digit of 448252622?
2
What is the tens digit of 64989965?
6
What is the tens digit of 207692920?
2
What is the tens digit of 394137018?
1
What is the ten millions digit of 695135077?
9
What is the units digit of 704558506?
6
What is the tens digit of 3371373469?
6
What is the ten thousands digit of 25385332?
8
What is the ten thousands digit of 753620122?
2
What is the ten millions digit of 102725402?
0
What is the units digit of 47693620?
0
What is the ten millions digit of 54438817?
5
What is the hundred thousands digit of 59124197?
1
What is the tens digit of 12807948?
4
What is the millions digit of 2219243778?
9
What is the hundred millions digit of 3326525649?
3
What is the ten thousands digit of 127385852?
8
What is the units digit of 38952744?
4
What is the ten millions digit of 21162073?
2
What is the millions digit of 51176690?
1
What is the units digit of 680873998?
8
What is the hundreds digit of 300914595?
5
What is the hundreds digit of 65759496?
4
What is the ten millions digit of 35265913?
3
What is the ten millions digit of 190364298?
9
What is the hundreds digit of 1895186785?
7
What is the thousands digit of 644010842?
0
What is the ten thousands digit of 481696097?
9
What is the hundred thousands digit of 44073178?
0
What is the billions digit of 2444639040?
2
What is the billions digit of 1075873082?
1
What is the units digit of 84811687?
7
What is the millions digit of 183727078?
3
What is the ten thousands digit of 922983563?
8
What is the hundred thousands digit of 1412692609?
6
What is the tens digit of 168740946?
4
What is the ten thousands digit of 89721180?
2
What is the ten thousands digit of 60178101?
7
What is the ten millions digit of 36978102?
3
What is the tens digit of 42646610?
1
What is the ten millions digit of 106266550?
0
What is the millions digit of 8730474410?
0
What is the ten mil